e of 15?
True
Is 1006 a factor of 108880638?
False
Is 31 a factor of 19762624?
True
Is 3195 a factor of 3682774260?
True
Is 111 a factor of 42800837?
False
Is 4 a factor of 155271637?
False
Does 5 divide 14070151?
False
Is 11336711 a multiple of 2?
False
Is 17742813 a multiple of 119?
False
Is 19188120 a multiple of 10?
True
Is 12 a factor of 200993?
False
Is 2079653120 a multiple of 16?
True
Is 21 a factor of 30284431?
False
Does 4 divide 43250768?
True
Does 39 divide 37151516?
False
Is 22 a factor of 18789056?
True
Is 1348 a factor of 913932795?
False
Is 443742086 a multiple of 3622?
True
Is 2510872 a multiple of 4?
True
Is 76782541 a multiple of 11?
True
Is 49974860 a multiple of 793?
True
Does 618 divide 272909418?
True
Is 65870354 a multiple of 103?
True
Is 1385087963 a multiple of 16493?
False
Does 446 divide 5673550275?
False
Is 15261156 a multiple of 26?
False
Is 1305 a factor of 1060801875?
True
Does 43 divide 140359?
False
Is 1269366360 a multiple of 6824?
True
Is 63 a factor of 1348127991?
True
Does 2093 divide 148401781?
False
Does 18 divide 2262628584?
True
Is 38512986 a multiple of 3?
True
Does 35 divide 8876072?
False
Is 123 a factor of 100828153?
False
Does 744 divide 27223704?
True
Is 2246 a factor of 396147309?
False
Is 944 a factor of 27243866?
False
Is 842 a factor of 690707756?
True
Is 1030611100 a multiple of 100?
True
Does 934 divide 24361352?
False
Is 42 a factor of 11490133?
False
Is 349178396 a multiple of 122?
True
Is 8306086 a multiple of 3?
False
Does 6 divide 259862154?
True
Does 260 divide 211067740?
True
Is 13 a factor of 17863875?
False
Does 31 divide 10794293?
True
Is 160187663 a multiple of 24?
False
Is 182 a factor of 18487924?
True
Is 179763976 a multiple of 2?
True
Is 171679268 a multiple of 829?
True
Is 575810584 a multiple of 7370?
False
Is 41 a factor of 243713512?
True
Does 394 divide 33048491?
False
Is 663 a factor of 9370842?
True
Does 14 divide 82053077?
False
Is 2817406 a multiple of 110?
False
Is 1193863519 a multiple of 6169?
False
Is 2551 a factor of 320374988?
True
Is 265 a factor of 12933060?
True
Does 203 divide 751031995?
True
Is 8 a factor of 581337329?
False
Is 73769149 a multiple of 303?
False
Is 2848 a factor of 58759936?
True
Is 338 a factor of 130268242?
True
Is 130798512 a multiple of 52?
True
Does 25 divide 1577514668?
False
Does 12 divide 27835308?
True
Does 145 divide 74896125?
True
Is 18529 a factor of 8456487274?
False
Does 61 divide 714752?
False
Is 62 a factor of 1967452?
False
Does 21 divide 16084341?
True
Is 70695644 a multiple of 23?
False
Does 10 divide 5530014?
False
Is 44230431 a multiple of 123?
True
Is 244 a factor of 31655828?
True
Is 37173598 a multiple of 46?
False
Is 439674115 a multiple of 1009?
False
Does 26 divide 60312091?
False
Does 10 divide 319169220?
True
Is 12101451 a multiple of 3?
True
Is 18 a factor of 27991526?
False
Does 66 divide 391715874?
True
Does 18 divide 306665583?
False
Is 544251 a multiple of 11?
False
Does 567 divide 265205238?
False
Is 438317360 a multiple of 77?
False
Is 206477679 a multiple of 15?
False
Is 80444026 a multiple of 542?
False
Is 79779879 a multiple of 264?
False
Does 5805 divide 99298193?
False
Is 179785143 a multiple of 430?
False
Is 23650713 a multiple of 453?
False
Is 353 a factor of 586691239?
False
Is 1142154 a multiple of 13?
True
Does 323 divide 801639907?
False
Does 63 divide 8230383?
True
Is 4 a factor of 8348740?
True
Does 2155 divide 138366085?
True
Does 46 divide 54251020?
True
Is 17 a factor of 2762258?
False
Does 1337 divide 744171526?
True
Is 37649751 a multiple of 320?
False
Is 132179400 a multiple of 75?
True
Is 252 a factor of 119653904?
False
Does 192 divide 3347128128?
True
Does 300 divide 207201455?
False
Is 7643711 a multiple of 3?
False
Is 599995440 a multiple of 213?
True
Does 4 divide 28752528?
True
Is 399264064 even?
True
Is 136 a factor of 121287372?
False
Is 49603800 a multiple of 20?
True
Is 42 a factor of 86277954?
True
Does 16 divide 25561568?
True
Is 690 a factor of 197748888?
False
Does 99 divide 17135019?
True
Is 16 a factor of 46810833?
False
Is 85456940 a multiple of 151?
True
Is 1389214 a multiple of 122?
True
Does 272 divide 50198416?
True
Does 328 divide 45982736?
False
Is 108961841 a multiple of 395?
False
Is 376881516 a multiple of 198?
True
Is 89 a factor of 655273373?
False
Is 1309 a factor of 3219602001?
True
Is 927660 a multiple of 21?
False
Is 1384088220 a multiple of 5220?
True
Is 33925057 a multiple of 14?
False
Does 2670 divide 318106470?
True
Does 24 divide 11825096?
False
Is 269 a factor of 124134623?
True
Is 15 a factor of 68957843?
False
Is 32235868 a multiple of 24?
False
Does 146 divide 174071858?
True
Is 346974768 a multiple of 84?
True
Is 28708620 a multiple of 21?
False
Is 1710548526 a multiple of 32?
False
Does 823 divide 6552726?
True
Is 12 a factor of 406473564?
True
Is 32070261 a multiple of 165?
False
Does 40 divide 70184799?
False
Does 3 divide 5419575?
True
Does 136 divide 34037944?
True
Is 76642756 a multiple of 28?
False
Is 849871152 a multiple of 2076?
False
Is 180980860 a multiple of 19?
False
Is 3234813294 a multiple of 8538?
False
Is 10783 a factor of 2318625358?
True
Is 259 a factor of 288975583?
False
Is 447251493 a multiple of 59?
False
Does 4 divide 1653816471?
False
Does 96 divide 17890918?
False
Is 10412 a factor of 2844818700?
True
Is 2779 a factor of 60390736?
False
Does 74 divide 87112463?
False
Is 32 a factor of 50495674?
False
Is 512325 a multiple of 20?
False
Does 283 divide 133701919?
False
Is 5 a factor of 60921698?
False
Is 979340656 a multiple of 1517?
False
Does 4959 divide 92123343?
True
Is 170 a factor of 765938469?
False
Does 6 divide 375116526?
True
Is 10 a factor of 19890332?
False
Is 1683739165 a multiple of 576?
False
Is 31605420 a multiple of 60?
True
Is 9 a factor of 227484794?
False
Is 1107 a factor of 1212100794?
True
Is 5314 a factor of 119334722?
False
Is 11 a factor of 1417507190?
True
Is 31 a factor of 148811098?
True
Is 20 a factor of 237491197?
False
Is 422 a factor of 1872048?
False
Does 6 divide 20925495?
False
Is 10713482 a multiple of 8?
False
Is 404207960 a multiple of 2633?
False
Does 3016 divide 3413846592?
True
Is 802455120 a multiple of 380?
True
Is 85 a factor of 3607888?
False
Does 13 divide 274214625?
False
Is 3102 a factor of 681950439?
False
Is 9 a factor of 218937852?
True
Does 33 divide 41100807?
True
Does 28 divide 1169564?
False
Does 1650 divide 13347923?
False
Does 27 divide 99875125?
False
Does 2033 divide 518207634?
True
Is 14593757 a multiple of 541?
False
Is 6693925 a multiple of 224?
False
Is 901 a factor of 141231750?
True
Is 33022380 a multiple of 19?
True
Is 75670020 a multiple of 90?
True
Is 58937205 a multiple of 1605?
True
Is 368 a factor of 2399806885?
False
Is 10063970 a multiple of 109?
True
Is 45869783 a multiple of 2555?
False
Is 36 a factor of 33233868?
True
Is 35 a factor of 508267340?
True
Does 820 divide 401344139?
False
Is 383352127 a multiple of 446?
False
Does 622 divide 34474972?
True
Is 1227446 a multiple of 22?
True
Does 15 divide 175736730?
True
Is 10256220 a multiple of 390?
True
Is 63 a factor of 1798320?
False
Is 91 a factor of 23481918?
False
Does 80 divide 23435151?
False
Does 31 divide 48096345?
True
Is 1584099 a multiple of 33?
True
Does 1240 divide 41277954?
False
Does 1069 divide 236524507?
False
Does 5674 divide 324080035?
False
Is 24 a factor of 172536707?
False
Is 2284 a factor of 847608388?
True
Is 166721176 a multiple of 80?
False
Is 12 a factor of 1768687?
False
Is 56689794 a multiple of 63?
True
Is 1388821275 a multiple of 3307?
False
Does 2 divide 7609547?
False
Does 2 divide 156056?
True
Is 6317 a factor of 1025868166?
True
Does 553 divide 323824135?
False
Does 15 divide 70214490?
True
Is 2850270 a multiple of 6?
True
Does 508 divide 429408336?
True
Does 92 divide 38454284?
False
Does 256 divide 81845204?
False
Is 69917758 a multiple of 1617?
False
Does 77 divide 124136243?
True
Is 3409 a factor of 54884900?
True
Is 2577617829 a multiple of 234?
False
Is 808566772 a multiple of 1924?
True
Is 88069140 a multiple of 930?
True
Does 18 divide 373604350?
False
Is 2187832970 a multiple of 3183?
False
Does 834 divide 516939701?
False
Is 16 a factor of 18162878?
